git of g(i)?
5
Suppose -z + 870 = 4*z - 3*p, 348 = 2*z + 3*p. What is the units digit of z?
4
Suppose 3*q + 1 = 7. Suppose 0 = -4*l + 4*a + 224, -3*l - 2*l + 295 = -q*a. What is the tens digit of l?
6
Let u = -1 - -4. What is the hundreds digit of (u - 6) + 118 + -1?
1
Suppose 5*d = 3*d - 94. Let h = d - -78. Let v = -8 + h. What is the units digit of v?
3
Let w be 5/(-40) + 2/16. Suppose -3*b = -w*b - 177. What is the units digit of b?
9
Let l = 33 - 29. Suppose 57 = l*f - 55. What is the units digit of f?
8
Let t = -29 + 47. Let r = t + 10. Let v = 48 - r. What is the units digit of v?
0
Suppose 103 + 86 = 9*c. What is the tens digit of (4/16 + c/(-4))*-35?
7
Suppose -11*d = -17*d + 12. Suppose 16 = 5*o - 24. Suppose -d*p + 4 = -3*f - 20, 0 = -2*f + o. What is the units digit of p?
8
Let m = 2074 + -265. What is the thousands digit of m?
1
What is the hundreds digit of (290 - 101) + -4 + (0 - 0)?
1
Let d(x) = 72*x + 23. Let t be d(5). Suppose -2*s + 65 = -t. What is the hundreds digit of s?
2
Let l(i) = 22*i**2 + 3*i - 4. What is the units digit of l(4)?
0
Suppose 15 = 2*k + 3*k, -k + 36 = 3*y. Suppose -3*c + 2212 = y*c. What is the hundreds digit of c?
1
Let j = 11 - 29. Let g = 14 + j. What is the units digit of (70/15)/(g/(-6))?
7
Suppose 3*q = -q - 2*x + 1326, -q = x - 329. Let o = -173 + q. What is the hundreds digit of o?
1
Let q(p) = -11*p**2 - 4*p + 13. Let t be q(-5). What is the units digit of (-1)/14*t + 8/(-28)?
7
Suppose t + 4071 = x, -x = -2*t + 6*t - 4086. What is the hundreds digit of x?
0
Let s be 4/38 + (-629)/(-703). Let z(y) = -1 - 2*y**2 + y + y + 6*y**2. What is the units digit of z(s)?
5
Suppose 4*u = -2*s + 10, -4*s + 17 = 5*u - 0*u. Let q be 1 + 160/5 + -7. Suppose 5*g - q = s*g. What is the tens digit of g?
1
Let w be (-12)/(-10) - 2 - (-6320)/25. Let k = -178 + w. What is the tens digit of k?
7
Let y(l) be the second derivative of 19*l**4/12 - l**3/3 - 2*l. Let f be y(2). Suppose o + 2*o = f. What is the tens digit of o?
2
Suppose 0 = 50*c - 48*c - 3*n - 3211, 4*c - n - 6427 = 0. What is the units digit of c?
7
Let z(t) = 3*t**2. Let w(n) = n**2 + n + 1. Suppose 3*r - 3 = -3*s + 5*r, 0 = 4*s + 5*r + 19. Let x(f) = s*z(f) + 4*w(f). What is the tens digit of x(-7)?
2
Let u(w) = -11*w + 3. Let q(b) = b**3 - 3*b**2 - 3*b + 5. Let o be q(3). What is the units digit of u(o)?
7
Let x(n) = 15*n**3 - 34*n**2 - 15*n + 19. Let i(v) = -7*v**3 + 16*v**2 + 7*v - 10. Let l(t) = -13*i(t) - 6*x(t). What is the units digit of l(6)?
2
Let v be 4/26 + (-18606)/273. Let x = 44 + v. Let h = x - -44. What is the tens digit of h?
2
Let r(i) = 14*i**2 + 22*i - 7. What is the hundreds digit of r(-5)?
2
What is the hundreds digit of (12/(-24))/(-2*2/11872)?
4
Let j(m) = -m**3 - 16*m**2 + m + 24. Let i be j(-16). What is the tens digit of 193 + -1 - 8/i?
9
Suppose s = -3*j + 2*j + 4, -4 = -4*j. What is the tens digit of (s + -3 - -4) + 66?
7
Suppose 365 = 11*k + 1025. Let q = 87 + k. What is the units digit of q?
7
Suppose k + 2*g - 82 = 0, 0*k = -2*k + 5*g + 200. What is the tens digit of k?
9
Let g(i) = 3*i**2 + 3*i - 2. Let y be g(-4). Let d = y - -10. What is the units digit of d?
4
Suppose 5*s + 60 + 0 = 0. Suppose -4*h - 11 - 25 = 0. Let c = h - s. What is the units digit of c?
3
What is the tens digit of 4/6 + -4*1122/(-18)?
5
What is the tens digit of (46*4/(-12))/(2/(-93))?
1
Suppose -5*l + 28 = -l. Suppose -2*o - s + 1 = 0, -o - 3*o - s = -l. Suppose -o*d + 21 = 3*i, 7*d - 2*d + 4*i = 40. What is the tens digit of d?
1
Suppose -w + 4*w = 6. Suppose 0 = 5*r + 36 - 1186. Suppose 3*l + 15 = 0, 6*x - r = x - w*l. What is the tens digit of x?
4
Let f(n) = 4*n**2 - n - 2. Let h be f(-2). Let y = h - 14. Suppose -3*c + 7 = 2*z - y, -2*c - 3*z + 11 = 0. What is the units digit of c?
1
Let d(v) be the second derivative of -1/12*v**4 + 0 + 0*v**2 + 7/3*v**3 + 9*v. What is the units digit of d(6)?
8
Suppose -5*i + 488 = -5*f - 3*i, -296 = 3*f + 2*i. What is the units digit of (-3)/(-2) + f/(-4)?
6
Let i be ((-48)/20)/((-2)/5). Suppose i*n = -0*n - 420. What is the tens digit of (n/10)/((-1)/3)?
2
Suppose -3*b = 3*d - 3192, -d = -5*b + 3*d + 5329. Suppose -b = 124*c - 129*c. What is the tens digit of c?
1
Let n(k) = 2*k**2 - 1. Let s = -45 - -24. Let d = s - -22. What is the units digit of n(d)?
1
Let g be (-225)/(-6) + 0 + (-1)/2. Suppose -g = -l + 16. What is the tens digit of l?
5
Let r be (1 - 3)/(36/3042). Let a = 75 - r. Suppose 2*t = -4*o + 96, 5*t - a = t + 5*o. What is the units digit of t?
6
Let n(c) = -338*c + 8. What is the hundreds digit of n(-6)?
0
Let l(i) = -4*i - 1664*i**2 + 6 + 0*i + 1666*i**2. Let h(m) = m**2 - 5*m + 6. Let z be h(5). What is the units digit of l(z)?
4
Let m(v) = -5*v - 6. Let k be m(-6). Suppose -k = -2*t + 2. What is the units digit of t?
3
Suppose 36*k = 38*k - 32. What is the tens digit of k*(-42)/(18/(-3))?
1
Let x be (48/36)/(2/99). Let o be 1530/x - 4/22. Let l = 10 + o. What is the units digit of l?
3
Let l = 895 + -179. What is the hundreds digit of l?
7
Let q = 9 + -8. Suppose 5*t - q = 24. What is the units digit of t?
5
Let m(o) = -2*o + 5*o - 9*o. Let x be -1 - (-1 - 4/(-2)). What is the units digit of m(x)?
2
Suppose 0 = 11*h - 10*h. Suppose -b - 223 = -2*w, 2*w + 2*b + 0*b - 214 = h. Suppose 5*c - 3 - 12 = -z, 2*c = -3*z + w. What is the units digit of z?
0
Let u = -1543 - -2763. What is the thousands digit of u?
1
Suppose -6*c + 2*l - 98 = -8*c, 0 = -5*c + 4*l + 236. What is the tens digit of c?
4
Let b be (-1)/(-3) + (-14)/(-3). Suppose 4*t + b*v - 23 = 0, v - 5*v - 20 = 0. Suppose 0 = 4*o - 8 - t, 0 = -2*j - o + 37. What is the tens digit of j?
1
What is the units digit of (684/15)/((-2)/((-240)/9))?
8
What is the tens digit of -5*(-68)/(-40)*-8?
6
Suppose 0 = -4*g - h - 2101, 0*h = 5*g + 5*h + 2615. What is the hundreds digit of 5/((-40)/4)*g?
2
Let i be 50*1/2*4. Suppose 5*w + 0*w = i. Suppose -w = -4*s + 4*l + 64, -s = 3*l - 13. What is the units digit of s?
9
What is the units digit of (15 + (-2005)/(-30))/(2/132)?
1
Suppose 5 = k - 4*r - 0, -5*k + 3 = 2*r. What is the units digit of 390/156*(-34)/(k - 2)?
5
Let s(q) = 11*q**2 + 22*q + 52. What is the hundreds digit of s(-5)?
2
Let a = 154 + 42. Suppose 0 = -4*u - 0*u + a. What is the tens digit of u?
4
Let z be ((-14)/(-28))/(-1*1/6). Let a(c) = -33*c + 7. What is the units digit of a(z)?
6
What is the thousands digit of 1958 - (0/(-5 - -3))/5?
1
What is the units digit of 9186/(-4)*4/(-6)?
1
Let s(q) = 3*q**2 + 3. Let x be s(-3). Let c = 64 - x. What is the tens digit of c?
3
Let b(f) = -3*f + 0*f - 5*f - 4*f - 5. What is the tens digit of b(-5)?
5
Suppose -2*f - 30 = -5*o, -12*o - 13 = -9*o + 5*f. Suppose -219 = 3*d - o*d. What is the tens digit of d?
1
Let i(f) = -3*f**3 - 4*f - 4. Suppose d = -7*z + 4*z + 12, d = 2*z - 13. What is the tens digit of i(d)?
8
Suppose 4*z + 2*u - 7*u + 45 = 0, 5*z + 4*u = -5. Let f = z + 26. Let s = 34 - f. What is the tens digit of s?
1
Let d = -74 - -89. What is the units digit of d?
5
Let l be ((-7)/(14/16))/(2/4). What is the tens digit of (l/(-4) - 5)/((-2)/22)?
1
Let y = -301 + 2319. What is the tens digit of y?
1
Suppose -9*h + 1483 = -3170. What is the units digit of h?
7
Let t(i) = i**3 + i**2 - 2*i - 6. Let o be t(-2). What is the units digit of (30/o)/((-2)/6)?
5
Let x = -1204 + 1818. What is the tens digit of x?
1
Let v = 1483 - -892. What is the tens digit of v?
7
Let y = 26 + -24. Suppose b - 66 = w, 4*b = -y*w + w + 259. What is the units digit of b?
5
Suppose 21514 = 46*u + 16*u. What is the hundreds digit of u?
3
Let t = 48 - 32. Let z = 9 - 18. Let g = t + z. What is the units digit of g?
7
Let c = 249 - -4. What is the hundreds digit of c + -9 - 1/(-1)*-2?
2
Suppose 3001 - 68 = 7*g. What is the units digit of g?
9
Let s(g) = -g**3 - 6*g**2 + 5*g + 3. Let d be s(-7). Suppose -2*l + d = 7. Suppose 22 - l = 5*c - 2*i, -3*c + 14 = -5*i. What is the units digit of c?
3
Let u(v) = -29*v - 32. What is the hundreds digit of u(-23)?
6
Let o be (-38)/6 - (-4)/(-6). Let b(u) = 10 + u**2 + 4 - 9 + u + 5*u. What is the tens digit of b(o)?
1
Let n(s) = 4*s**3 - 3*s**2 + 5*s - 9. Let k be n(6). Suppose j - k = -6*j. What is the units digit of j?
1
Let n(l) = 3*l**2 - 54*l - 85. Let t be n(20). 